 by t?
50
Let n(a) = a**3 + 4*a**2 + a + 4. Let u be n(-4). Let j = 4 + u. Suppose 0*l - 135 = -3*q - 4*l, 161 = j*q - l. What is the remainder when q is divided by 11?
8
Let b = 4977 + -4795. What is the remainder when 882 is divided by b?
154
Let p be 19/((-57)/(-60))*1/2. What is the remainder when (-1 + 2)/(((-80)/(-2104))/p) is divided by 22?
21
Suppose -3*s - 913 = -778. Let u = s - -61. Calculate the remainder when 47 is divided by u.
15
Let t be 78/(-52)*(-4)/2. Suppose 3*z - 147 = -2*d, -257 = -5*d + t*z + 58. Calculate the remainder when 173 is divided by d.
41
Let k = -91 - -98. Let a be ((-18)/(-4) - k)*(0 + -4). Suppose -20 = -x - a. What is the remainder when x is divided by 4?
2
Suppose -10 = 3*o - 4*f - 16, o - 2 = -4*f. Calculate the remainder when 15 is divided by (-11 + 7)/(o/(-4)).
7
Let d(g) be the second derivative of 11*g**3/6 - 41*g**2/2 - 2*g + 16. Calculate the remainder when d(6) is divided by 8.
1
Let n = -703 - -707. Suppose 2*m - 4*t + 10 = n, t = 2*m - 3. What is the remainder when 147 is divided by m?
0
Let o = -107 - -117. Calculate the remainder when 39 is divided by 1 + 5 + (o - -4).
19
What is the remainder when 38 is divided by 112/60*(-3)/1*(-30)/12?
10
Calculate the remainder when 1521 is divided by (3*3)/(22 + (-131)/6) + 8.
33
Let s = 4513 - 3068. What is the remainder when s is divided by 132?
125
Let r = -1438 - -1471. Suppose 1192 = w + 4*k - 371, -2*w + 3111 = 3*k. What is the remainder when (-9)/(-12) - w/(-12) is divided by r?
31
Let z(l) = l**3 + 16*l**2 - 3*l - 44. Let r be z(-16). Suppose 32*v + 374 = 36*v + 2*w, 2*v = r*w + 172. Calculate the remainder when v is divided by 39.
14
Let f be ((-1244)/(-16))/(1 + (-10)/8). Let j = 499 + f. What is the remainder when j is divided by 38?
36
Let u = 70 - 74. Let j be u + 0 - (-7 - 0). Suppose y + j = 32. What is the remainder when y is divided by 16?
13
Calculate the remainder when 57 is divided by 2*-4 - (37 + -49).
1
Let u(a) be the third derivative of a**6/120 + 31*a**5/60 - 5*a**4/4 + 83*a**3/6 + 82*a**2. Calculate the remainder when 74 is divided by u(-32).
17
Let o(x) = 35*x**2 + 69*x + 14. Calculate the remainder when o(-6) is divided by 24.
20
Let u be (-2 + (-20)/(-12))*(14 + 1). What is the remainder when ((-9)/(-6))/(0 - u/170) is divided by 7?
2
Let q(h) = h**3 + 27*h**2 + 22*h + 15. Let d = -36 + 60. Let c = d + -4. What is the remainder when q(-26) is divided by c?
19
Let z(f) be the first derivative of -f**2/2 + 15*f + 16. Suppose 0 = -l + 3. What is the remainder when l is divided by z(14)?
0
Suppose 0 = -4*p - d + 101, 8*d = -3*p + 3*d + 80. What is the remainder when 163 is divided by p?
13
Let w(q) = 69*q**2 + 8 - 33*q - 18 - 2*q**3 + 3. Calculate the remainder when w(34) is divided by 15.
12
Let u = 180 + -45. Let n(d) = 2*d**2 - 29*d - 3. Let h be n(17). Suppose -s + 1 = q - 27, -2*q = -4*s + h. Calculate the remainder when u is divided by s.
20
Let m = -161557 + 161570. Let i(d) = 8*d + 5. Let t(z) = -8*z - 5. Let s(j) = 2*i(j) + 3*t(j). Calculate the remainder when s(-5) is divided by m.
9
Let c = 12279 - 12259. What is the remainder when 399 is divided by c?
19
Let o(h) = 6*h + 11. Let s = 14414 - 14382. Calculate the remainder when o(8) is divided by s.
27
Let t = -1464 - -2118. Suppose -8*r = -1010 - t. What is the remainder when r is divided by 14?
12
Suppose -2*n + 67 = -4*a - 155, -59 = a - 4*n. Calculate the remainder when 118 is divided by (0 - (1 - 2))/(a/(-935)).
16
Suppose -182*z = -192*z + 140. Suppose 5*i + 2*b - 130 = -0*b, i + 2*b = 34. Calculate the remainder when i is divided by z.
10
Let z be 7/2 + 1 + (-25)/10. Suppose -2*b + 7 = a, -3 = -a + b - z. Let d(l) = 2*l - 1. What is the remainder when 9 is divided by d(a)?
4
Let f = 17447 + -15790. Calculate the remainder when f is divided by 3.
1
Let k be (338/3 - 6)*-3. Let c = -230 - k. Suppose 2*t + t + 11 = s, 3*s - 3*t - 57 = 0. Calculate the remainder when c is divided by s.
21
Suppose r + 182 = 14*r. Suppose r*c = -2*c + 1136. What is the remainder when c is divided by 24?
23
Let c = -6885 - -7229. What is the remainder when 709 is divided by c?
21
Suppose -4*r - 2*a - 2 = 0, -2*r + 0*a - 4*a - 16 = 0. Suppose s = r + 25. Let z(h) = 12*h**2 + h + 2. Calculate the remainder when z(2) is divided by s.
25
Suppose 16*i + 90 = -2*i. What is the remainder when 172 is divided by (22/8)/(6/((-480)/i))?
40
Suppose 6*p - 8*p = -10. Suppose 0 = -5*z - 4*h + 7*h + 75, 0 = -5*z - p*h + 115. Calculate the remainder when 49 + 1 + (17 - z) is divided by 25.
24
Let o(i) = 100*i**2 + 10*i - 17. What is the remainder when o(2) is divided by 41?
34
Suppose 12*y + 1521 = 15*y - 4*w, 3*w + 9 = 0. What is the remainder when y is divided by 84?
83
Suppose 0 = 3*x - 57 + 36. Suppose -7*h + 70 = -2*h. What is the remainder when h is divided by (x + -1 + 2)*(-3)/(-6)?
2
Let i(j) = j - 45. Let z be i(48). What is the remainder when 230 is divided by (28/(-8) + z)*(-24 - -2)?
10
Suppose 372 - 882 = -34*i. What is the remainder when 4017 is divided by i?
12
Let c = -6 - -10. Suppose -5*n + 3*y + 4473 = 0, -4*y + 2*y = 2. Let v = 925 - n. Calculate the remainder when v is divided by c.
3
Let v = -140 + 204. Suppose 3*d - 522 = 39*g - 40*g, -3*d + 522 = 2*g. Let p = d + -152. Calculate the remainder when v is divided by p.
20
Let t be -398 + 1 + (-3 - 0). Let f = 668 + t. Calculate the remainder when f is divided by 68.
64
Suppose 4*t + 364 = -2248. Let d = t + 671. Calculate the remainder when d is divided by 4.
2
Let i(c) = 3*c**2 + 97*c - 801. What is the remainder when 11014 is divided by i(8)?
159
Let l(m) = 2*m + 3. Let z be l(9). Let d = z + -6. Suppose -50*q - 98 = -64*q. What is the remainder when d is divided by q?
1
Let r = 29 + -22. Suppose -4*i - 47 = -6*i + n, i = -5*n + r. Suppose -2*j = -a - i, 0 = -5*j - 2*a - a + 66. What is the remainder when 58 is divided by j?
10
Let f be 12 - -3*(-4)/(-6). Let w be 35*(2 - f/(-5)). Calculate the remainder when 9 is divided by w/63 - 4/6.
1
Let o = -3389 - -3649. Calculate the remainder when o is divided by 43.
2
What is the remainder when 3/2 - ((-8)/132 + 905318/(-2244)) is divided by 9?
0
Suppose 0 = 4*j + 23 - 239. Let c = -32 + j. What is the remainder when 15/(-180) + 3099/36 is divided by c?
20
Let k(f) = -f**3 + 43*f**2 + 192*f - 114. What is the remainder when 959 is divided by k(47)?
71
Suppose 0 = 3*h - 5*h + 4. Let z = -4 - -17. Calculate the remainder when (h/6*-62)/(8/(-24)) is divided by z.
10
Suppose -o = g - 857 - 53, 0 = -g - 3. Calculate the remainder when o is divided by 33.
22
Calculate the remainder when 1059 is divided by (369/(-36) + 8)*(-256)/6.
3
Suppose -d = -2*n - 4*d + 148, -328 = -5*n + 3*d. Calculate the remainder when -1 + n*(-15)/(-10) is divided by 8.
5
Suppose -24*s + 19*s - 2313 = 4*h, h + 547 = 5*s. Let k = -552 - h. What is the remainder when k is divided by 15?
5
Let q be ((-53)/(-4))/((-2)/8). Let l = q + 33. What is the remainder when 15 is divided by ((-3)/12)/(1/l)?
0
Let y be 1 + 2058/26 - 22/143. Let u = y + 114. Calculate the remainder when u is divided by 51.
41
Suppose -123*g + 52478 = -36943. Calculate the remainder when g is divided by 141.
22
Suppose 0 = 2*p + 6 - 36. What is the remainder when 704 is divided by p?
14
Let g(b) = 356*b - 681. What is the remainder when g(4) is divided by 738?
5
Suppose 4*x = -8*v + 7*v - 1, -2*v - 5*x + 4 = 0. What is the remainder when 129 is divided by v?
3
Calculate the remainder when 800 is divided by (28 + -22 + 8)*(-1)/(2/(-4)).
16
Suppose -29*a + 28*a = -1. Let d be (a - 10)*-2*(-1)/(-6). Suppose -279 = -4*z + d*r, 3*z - 107 - 97 = -3*r. What is the remainder when z is divided by 7?
6
Suppose -6*h = -209 + 197. Suppose -2*b + 0*t - 3*t + 24 = 0, 3*b - 36 = -h*t. Calculate the remainder when 23 is divided by b.
11
Let f(p) = p**3 + 94*p**2 + 268*p - 320. What is the remainder when 673 is divided by f(-91)?
133
Suppose 0 = 10*c + 25 + 45. What is the remainder when ((-750)/(-36) - 4)*(-1 - c) is divided by 21?
17
Suppose 0 = 2*q + 3*w - 36, -26 = -2*q - 2*w + 6. Suppose q*f + 342 = 18*f. Suppose 4*d = 7*d - f. Calculate the remainder when 75 is divided by d.
18
Let x = 58 + -50. Let g = 86 - 80. What is the remainder when x is divided by g?
2